
List the prime factors of 235072750.
2, 5, 11, 19, 409
What are the prime factors of 367086079?
41, 8953319
List the prime factors of 156269058.
2, 3, 11, 67, 35339
What are the prime factors of 5027542189?
5027542189
What are the prime factors of 423216976?
2, 7, 13, 290671
What are the prime factors of 419018783?
71, 499, 11827
What are the prime factors of 52349149?
52349149
List the prime factors of 44150273.
83, 211, 2521
What are the prime factors of 29519118?
2, 3, 37, 127, 349
What are the prime factors of 53864223?
3, 7, 29, 241, 367
List the prime factors of 916811701.
13, 31, 41, 55487
List the prime factors of 2842150979.
61, 131, 355669
What are the prime factors of 13845248?
2, 54083
What are the prime factors of 1129474782?
2, 3, 62748599
What are the prime factors of 168354790?
2, 5, 73, 211, 1093
List the prime factors of 120494161.
120494161
What are the prime factors of 824959452?
2, 3, 1459, 47119
What are the prime factors of 94335861?
3, 3989, 7883
What are the prime factors of 624943861?
139, 907, 4957
List the prime factors of 5498693392.
2, 10631, 32327
What are the prime factors of 822330070?
2, 5, 19, 4328053
What are the prime factors of 157825140?
2, 3, 5, 11, 21739
What are the prime factors of 1351152115?
5, 149, 1813627
What are the prime factors of 398077845?
3, 5, 11, 2412593
What are the prime factors of 530251452?
2, 3, 14729207
List the prime factors of 79454497.
43, 1847779
What are the prime factors of 365298011?
13, 28099847
List the prime factors of 52419225.
3, 5, 698923
What are the prime factors of 70540080?
2, 3, 5, 13, 23, 983
What are the prime factors of 203443684?
2, 71, 716351
List the prime factors of 2539259812.
2, 10067, 63059
What are the prime factors of 192396300?
2, 3, 5, 37, 17333
List the prime factors of 24282900.
2, 3, 5, 26981
What are the prime factors of 24884292?
2, 3, 691, 3001
What are the prime factors of 67936393?
7, 1386457
List the prime factors of 265283979.
3, 3701, 23893
List the prime factors of 29845320.
2, 3, 5, 73, 3407
What are the prime factors of 95550044?
2, 89, 97, 2767
What are the prime factors of 203537932?
2, 13, 827, 4733
What are the prime factors of 1299588430?
2, 5, 7, 149, 124601
What are the prime factors of 79932152?
2, 151, 66169
What are the prime factors of 61255402?
2, 13, 127, 1427
List the prime factors of 69017139.
3, 19, 173, 2333
List the prime factors of 246043686.
2, 3, 7, 17, 344599
List the prime factors of 42148159.
67, 79, 7963
List the prime factors of 175803123.
3, 58601041
What are the prime factors of 351175053?
3, 2083, 56197
List the prime factors of 778580516.
2, 7, 29, 958843
List the prime factors of 19190266.
2, 19, 239, 2113
What are the prime factors of 3852275807?
293, 1571, 8369
What are the prime factors of 302671168?
2, 23, 205619
List the prime factors of 4327470414.
2, 3, 433, 185077
List the prime factors of 1657526226.
2, 3, 2017, 136963
List the prime factors of 29261311.
19, 97, 15877
What are the prime factors of 2278054060?
2, 5, 17, 73, 5399
What are the prime factors of 158362422?
2, 3, 139, 317, 599
What are the prime factors of 488750022?
2, 3, 27152779
List the prime factors of 201161530.
2, 5, 61, 329773
List the prime factors of 98761782.
2, 3, 7, 311, 7561
What are the prime factors of 449704416?
2, 3, 7, 97, 6899
List the prime factors of 51380054.
2, 11, 29, 2777
List the prime factors of 686305699.
686305699
List the prime factors of 272792505.
3, 5, 18186167
List the prime factors of 693090059.
47, 14746597
List the prime factors of 16453398.
2, 3, 13, 71, 2971
List the prime factors of 4631831560.
2, 5, 17, 6811517
List the prime factors of 1015497150.
2, 3, 5, 23, 294347
What are the prime factors of 405991836?
2, 3, 73, 154487
What are the prime factors of 61932073?
7, 8847439
What are the prime factors of 20138597?
479, 42043
List the prime factors of 209548017.
3, 7, 19, 175061
What are the prime factors of 1089277748?
2, 13, 20947649
List the prime factors of 46004476.
2, 7, 541, 3037
What are the prime factors of 97492925?
5, 29, 4637
List the prime factors of 211985436.
2, 3, 13, 1358881
What are the prime factors of 101620581?
3, 353, 95959
List the prime factors of 56621593.
7, 31, 311, 839
What are the prime factors of 121653041?
8951, 13591
What are the prime factors of 7421550108?
2, 3, 7, 5813, 15199
What are the prime factors of 763268010?
2, 3, 5, 239, 106453
List the prime factors of 1482556464.
2, 3, 10295531
List the prime factors of 2945565153.
3, 37, 47, 53, 67
List the prime factors of 301688619.
3, 41, 2452753
List the prime factors of 438748915.
5, 11, 7977253
What are the prime factors of 19098711?
3, 2122079
What are the prime factors of 5890811673?
3, 29, 31, 2184209
What are the prime factors of 645982125?
3, 5, 1722619
List the prime factors of 23152129.
7, 11, 13, 101, 229
What are the prime factors of 940175226?
2, 3, 151, 345907
What are the prime factors of 171913747?
171913747
What are the prime factors of 2879640340?
2, 5, 43, 3348419
What are the prime factors of 1063050330?
2, 3, 5, 37, 957703
What are the prime factors of 60615380?
2, 5, 7, 43, 10069
List the prime factors of 1153965170.
2, 5, 701, 164617
List the prime factors of 1704839410.
2, 5, 19, 8972839
What are the prime factors of 90106723?
7, 337, 38197
What are the prime factors of 40970377?
7, 83, 151, 467
What are the prime factors of 293012135?
5, 13, 4507879
What are the prime factors of 173021177?
7, 24717311
What are the prime factors of 39975114?
2, 3, 419, 15901
List the prime factors of 43303478.
2, 151, 223, 643
What are the prime factors of 1190244222?
2, 3, 17, 449, 8663
List the prime factors of 2034169098.
2, 3, 13, 29, 31, 29009
List the prime factors of 629969798.
2, 97, 3247267
What are the prime factors of 6904175432?
2, 7, 11, 37, 302921
List the prime factors of 6396771547.
43, 5657, 26297
List the prime factors of 564236541.
3, 11, 5699359
List the prime factors of 220704136.
2, 23, 179, 6701
List the prime factors of 5181268095.
3, 5, 97, 1187003
List the prime factors of 2282469711.
3, 113, 6732949
List the prime factors of 466835275.
5, 18673411
What are the prime factors of 1594938312?
2, 3, 11, 23, 87557
What are the prime factors of 233946446?
2, 59, 67, 127, 233
List the prime factors of 1003180947.
3, 79, 283, 14957
List the prime factors of 224233510.
2, 5, 29, 41, 18859
List the prime factors of 38783517.
3, 103, 313, 401
List the prime factors of 630499303.
7, 90071329
List the prime factors of 4345033.
7, 11, 73, 773
List the prime factors of 28205275.
5, 7, 53, 3041
What are the prime factors of 312997655?
5, 59, 173, 6133
What are the prime factors of 5248666789?
5248666789
List the prime factors of 2745357857.
11, 37, 127, 53113
What are the prime factors of 5814475999?
89, 65331191
What are the prime factors of 2285273612?
2, 571318403
List the prime factors of 5319737258.
2, 11, 757, 319427
What are the prime factors of 725070050?
2, 5, 2887, 5023
List the prime factors of 380407175.
5, 37, 411251
What are the prime factors of 1874127295?
5, 457, 820187
List the prime factors of 352421627.
352421627
What are the prime factors of 128210443?
79, 1622917
List the prime factors of 880623509.
880623509
What are the prime factors of 1269186866?
2, 53, 11973461
List the prime factors of 933306307.
17, 47, 1168093
What are the prime factors of 3265195232?
2, 13, 7849027
List the prime factors of 629722691.
13, 48440207
List the prime factors of 314674346.
2, 7, 22476739
What are the prime factors of 44540830?
2, 5, 4454083
List the prime factors of 287007467.
89, 223, 14461
What are the prime factors of 7182769?
11, 349, 1871
List the prime factors of 641414029.
17, 47, 241, 3331
What are the prime factors of 454000691?
17, 4363, 6121
List the prime factors of 1507835599.
29, 271, 191861
What are the prime factors of 32527489?
32527489
List the prime factors of 26908543.
59, 167, 2731
What are the prime factors of 3034606271?
3034606271
What are the prime factors of 258111286?
2, 129055643
List the prime factors of 2761169194.
2, 7, 31, 6362141
What are the prime factors of 208060222?
2, 19, 2089, 2621
List the prime factors of 251019287.
449, 727, 769
What are the pr